True
Is 1697819 a prime number?
False
Is 557003 composite?
True
Is 32173 prime?
True
Is 15943 prime?
False
Is 11073 composite?
True
Is 416089 prime?
True
Is 75657 composite?
True
Is 5261 a composite number?
False
Is 78503 a composite number?
True
Is 1847389 a prime number?
False
Is 29683 a composite number?
False
Is 473581 prime?
False
Is 785 a prime number?
False
Is 5755 a composite number?
True
Is 12283 composite?
True
Is 8983 a composite number?
True
Is 445414 composite?
True
Is 6259 prime?
False
Is 15839 composite?
True
Is 48301 prime?
False
Is 108863 prime?
True
Is 12657 a composite number?
True
Is 7379 prime?
False
Is 1567 prime?
True
Is 177153 prime?
False
Is 183 prime?
False
Is 1203247 prime?
False
Is 60185 a composite number?
True
Is 17669 composite?
False
Is 968519 composite?
False
Is 1252113 composite?
True
Is 959645 composite?
True
Is 91529 a composite number?
False
Is 2391 composite?
True
Is 203135 prime?
False
Is 2537426 a composite number?
True
Is 92915 a composite number?
True
Is 1901 prime?
True
Is 12713 a prime number?
True
Is 7453 composite?
True
Is 110963 a prime number?
False
Is 158902 a composite number?
True
Is 5333 composite?
False
Is 6449 composite?
False
Is 385177 a prime number?
False
Is 296909 a prime number?
True
Is 394073 composite?
False
Is 188171 a composite number?
False
Is 2393 prime?
True
Is 206837 a composite number?
True
Is 382037 a prime number?
True
Is 497103 prime?
False
Is 2583701 composite?
True
Is 1619 composite?
False
Is 587 composite?
False
Is 3041 a composite number?
False
Is 27785 prime?
False
Is 47555 prime?
False
Is 2188783 prime?
True
Is 1511 prime?
True
Is 2532963 a prime number?
False
Is 782209 a composite number?
False
Is 574477 a composite number?
False
Is 169987 prime?
True
Is 55147 a prime number?
True
Is 812587 a prime number?
True
Is 5231 prime?
True
Is 4037 a prime number?
False
Is 12443 prime?
False
Is 5857 composite?
False
Is 7801 prime?
False
Is 144379 prime?
True
Is 10061 composite?
False
Is 14477 prime?
False
Is 19121 composite?
False
Is 301 a composite number?
True
Is 106143 composite?
True
Is 5342 composite?
True
Is 289837 prime?
True
Is 22409 a prime number?
True
Is 2818 composite?
True
Is 37211 a prime number?
False
Is 207223 prime?
False
Is 1589 a prime number?
False
Is 58579 a prime number?
True
Is 105611 composite?
True
Is 188995 a prime number?
False
Is 8977 composite?
True
Is 182579 composite?
False
Is 58657 composite?
False
Is 222707 a composite number?
False
Is 12227 a prime number?
True
Is 10207 a prime number?
False
Is 141539 composite?
False
Is 22915 prime?
False
Is 271163 prime?
True
Is 122201 prime?
True
Is 77921 a composite number?
True
Is 1513219 a composite number?
False
Is 13043 a composite number?
False
Is 31802 a prime number?
False
Is 39929 a prime number?
True
Is 9371 a composite number?
False
Is 224219 composite?
True
Is 3967 a prime number?
True
Is 623 prime?
False
Is 22999 a prime number?
False
Is 916501 a composite number?
False
Is 16837 composite?
True
Is 4512617 a composite number?
False
Is 1175617 a composite number?
False
Is 158713 composite?
True
Is 50207 composite?
False
Is 5413 composite?
False
Is 73559 a composite number?
True
Is 54097 a composite number?
True
Is 19253 a composite number?
True
Is 11657 a prime number?
True
Is 16741 a composite number?
False
Is 965 a composite number?
True
Is 3079 a prime number?
True
Is 205565 prime?
False
Is 671 prime?
False
Is 373649 a prime number?
True
Is 285071 a prime number?
True
Is 4709 prime?
False
Is 176599 a prime number?
True
Is 90973 a composite number?
True
Is 1689737 prime?
False
Is 8459 composite?
True
Is 45062 composite?
True
Is 177043 composite?
False
Is 704999 a composite number?
False
Is 2252087 a composite number?
False
Is 155029 a composite number?
True
Is 39361 composite?
True
Is 134399 a prime number?
True
Is 189013 a prime number?
False
Is 229085 composite?
True
Is 33641 a prime number?
True
Is 19597 composite?
False
Is 37822 composite?
True
Is 63689 a composite number?
False
Is 1163663 composite?
False
Is 16357 prime?
False
Is 194365 a composite number?
True
Is 195581 a composite number?
False
Is 229399 a composite number?
False
Is 32827 composite?
True
Is 62401 prime?
True
Is 2669 composite?
True
Is 592313 a composite number?
True
Is 18169 composite?
False
Is 292063 composite?
True
Is 8407 a prime number?
False
Is 205521 composite?
True
Is 9923 prime?
True
Is 82699 a composite number?
False
Is 507779 a prime number?
True
Is 25733 a prime number?
True
Is 56141 composite?
True
Is 2201 a composite number?
True
Is 136241 a composite number?
True
Is 5911 a composite number?
True
Is 18329 a prime number?
True
Is 899 composite?
True
Is 194657 a prime number?
False
Is 6641891 composite?
False
Is 24029 prime?
True
Is 955057 a composite number?
True
Is 17153 a composite number?
True
Is 301123 composite?
False
Is 4399 composite?
True
Is 2420399 a prime number?
True
Is 274531 a composite number?
True
Is 2819 prime?
True
Is 33257 a composite number?
True
Is 384823 prime?
False
Is 12701 composite?
True
Is 12569 a composite number?
False
Is 1282 prime?
False
Is 30577 a prime number?
True
Is 1285 a prime number?
False
Is 519 a composite number?
True
Is 30854 a prime number?
False
Is 12937 a composite number?
True
Is 91771 prime?
True
Is 956051 prime?
True
Is 403309 a prime number?
True
Is 84659 a composite number?
False
Is 10903 prime?
True
Is 663127 a prime number?
True
Is 8153 a composite number?
True
Is 23857 a prime number?
True
Is 83347 a prime number?
False
Is 77069 a composite number?
False
Is 8803 a composite number?
False
Is 1473387 a prime number?
False
Is 48791 composite?
True
Is 1954 composite?
True
Is 228729 prime?
False
Is 711943 a composite number?
True
Is 38993 a prime number?
True
Is 21955 a composite number?
True
Is 778 a composite number?
True
Is 324293 a prime number?
True
Is 5116363 a composite number?
True
Is 5237063 a prime number?
False
Is 123887 a prime number?
True
Is 1270361 a composite number?
False
Is 324251 a composite number?
False
Is 210437 composite?
False
Is 434647 prime?
True
Is 13309 a composite number?
False
Is 264185 a composite number?
True
Is 215087 a composite number?
False
Is 3109 prime?
True
Is 223631 a composite number?
True
Is 3199 composite?
True
Is 41357 a composite number?
False
Is 375353 prime?
False
Is 1024057 a composite number?
True
Is 428861 a composite number?
True
Is 211379 prime?
False
Is 7120621 a composite number?
False
Is 1283 a composite number?
False
Is 1838 a composite number?
True
Is 4934 composite?
True
Is 70867 a prime number?
True
Is 8887 a composite number?
False
Is 5482 prime?
False
Is 4435 prime?
False
Is 12827 prime?
False
Is 755987 a prime number?
False
Is 142697 composite?
False
Is 55661 prime?
True
Is 214391 composite?
False
Is 4127 a prime number?
True
Is 449 prime?
True
Is 5077 composite?
False
Is 545401 prime?
False
Is 237821 a prime number?
True
Is 19702 a prime number?
False
Is 476947 prime?
False
Is 24637 a prime number?
False
Is 57299 prime?
False
Is 2005609 prime?
False
Is 1951 a composite number?
False
Is 367787 a composite number?
True
Is 38261 a prime number?
True
Is 1229218 composite?
True
Is 65359 composite?
True
Is 7817 a composite number?
False
Is 2234 a composite number?
True
Is 1506871 composite?
True
Is 108497 a prime number?
True
Is 67315 prime?
False
Is 479161 composite?
True
Is 35463 a prime number?
False
Is 11434 prime?
False
Is 116849 a prime number?
True
Is 214163 a composite number?
False
Is 7607 prime?
True
Is 442271 a composite number?
False
Is 14057 a prime number?
True
Is 34886 a prime number?
False
Is 63241 a prime number?
True
Is 193931 a composite number?
True
Is 18857 prime?
False
Is 58 a prime number?
False
Is 5779 prime?
True
Is 59 a composite number?
False
Is 2939 a prime number?
True
Is 20323 a composite number?
False
Is 35878 a composite number?
True
Is 223 composite?
False
Is 557 composite?
False
Is 1361 a composite number?
False
Is 83299 composite?
False
Is 4903 composite?
False
Is 3899 composite?
True
Is 239929 a prime number?
True
Is 751637 composite?
False
Is 170707 a prime number?
True
Is 14387 prime?
True
Is 827567 composite?
True
Is 20182 a composite number?
True
Is 83701 a prime